s divided by v(-5)?
5
Suppose 25*w + 39*w - 6144 = 0. Calculate the remainder when 106 is divided by w.
10
Let s(b) = -10*b - 20. What is the remainder when (-4)/(-8)*2*116 is divided by s(-5)?
26
Let n(i) = -2*i**2 - 56*i + 61. Suppose 0 = 3*k + 4*c - 44, -2*c = -0 + 2. Let t = -11 + k. Calculate the remainder when t is divided by n(-29).
2
Suppose 2*r + 4 - 72 = 0. Let d = -3 + r. Calculate the remainder when 121 is divided by d.
28
Suppose -2*p + 26 = 4*z, 3*z = 3*p - 9 - 12. Suppose -19 = -2*h + p. What is the remainder when 81 is divided by h?
11
Let l be (4 - 5)/(2/(-18)). Let k = 33 - l. Suppose 0 = -2*j - 2*j + k. Calculate the remainder when 23 is divided by j.
5
Suppose 0 = 122*y - 114*y - 48. Calculate the remainder when 34 is divided by y.
4
Suppose -z - 4*t - 63 = 0, 0 = -3*z + 5*t + 35 - 275. Let g = z + 132. What is the remainder when g is divided by 30?
27
Suppose -2*a = 2*a + 8. Let c = a - -6. Suppose 0 = 2*b - 0*b - 3*o - 12, 0 = -c*b - 5*o + 2. What is the remainder when 8 is divided by b?
2
Calculate the remainder when 196 is divided by (266/(-114))/((-14)/36).
4
Suppose 4*w + 4 - 100 = 0. Suppose -316 = 63*l - 760 - 564. Calculate the remainder when w is divided by l.
8
Let h(q) = 11*q - 2. Let j be h(1). Let v be 3*(-1)/j*3. What is the remainder when 50 is divided by (-13)/v*(0 + 1)?
11
Suppose -16 = -6*x + 2*x. Let p be ((-12)/(-8))/((-3)/x). What is the remainder when p/12 + 230/12 is divided by 10?
9
Suppose -12*r + 168 = -396. What is the remainder when 147 is divided by r?
6
What is the remainder when 2 + 71 - (1 - 4 - -1) is divided by 19?
18
Calculate the remainder when 4083/9 + 27/81 is divided by 76.
74
Suppose 48*l - 5280 = 36*l. Calculate the remainder when l is divided by 28.
20
Let g = 129 - 60. Let w(n) = -n**3 - 24*n**2 + 33*n - 459. What is the remainder when g is divided by w(-26)?
34
What is the remainder when (-62985)/(-377) + (-472)/116 + 4 is divided by 37?
19
Suppose 20 = -7*t + 3*t, -l - 4*t = 21. Calculate the remainder when (-2)/(-4) + l + 417/6 is divided by 37.
32
Let i(d) be the second derivative of -d**4/12 + 7*d**3/6 - 3*d**2/2 - 9*d. Calculate the remainder when 4 is divided by i(6).
1
Suppose 256 = -8*w + 12*w + 2*x, w + 2*x - 61 = 0. Calculate the remainder when 648 is divided by w.
63
Let a = 10 - 7. Suppose a*f = -f. Suppose f = 2*w + w - 27. Calculate the remainder when 33 is divided by w.
6
Suppose 8*k - 483 = k. Suppose -k = -5*g + 116. What is the remainder when g is divided by (3/3)/((-2)/(-26))?
11
Let y = -308 + 322. What is the remainder when 41 is divided by y?
13
Suppose -94 = -4*b - 3*t, -2*b = 5*t + 9 - 49. Suppose 15 = 4*l - b. Calculate the remainder when 39 is divided by (0 + (-16)/l)*-5.
7
Suppose -3*t = -4*a - 6, -2*t + 16 = a + 12. What is the remainder when 50 is divided by t?
0
Let o(h) = 17*h - 1. Let c = 3560 + -3542. What is the remainder when o(5) is divided by c?
12
Calculate the remainder when (-1702)/(-10) + ((-7)/35)/1 is divided by -86*(3/(-2))/3.
41
What is the remainder when 98 is divided by ((-8)/(-12) + -1)/(1/(-57))?
3
Suppose 2*f - 16 = x, 0*f + 5*x - 1 = f. Suppose 29*u = 11*u + 450. Calculate the remainder when u is divided by f.
7
Let u = -130 + 162. Calculate the remainder when 282/4 + 16/u is divided by 24.
23
Let a = -7 + 11. Let d(x) be the second derivative of 2*x**3/3 - 17*x**2/2 - 12*x. What is the remainder when d(7) is divided by a?
3
Let u(a) = a**2 + 5*a + 5. Let q be u(-4). What is the remainder when ((-73)/4)/(q - (-15)/(-12)) is divided by 19?
16
Let o(y) = y**2 + 4*y - 15. What is the remainder when 900 is divided by o(-8)?
16
Let y = 3 - -5. Let c be 2/y + 3938/(-8). Calculate the remainder when 10/65 - c/13 is divided by 10.
8
Suppose -5*v - 5*h = -25, v - 1 + 4 = -5*h. Calculate the remainder when 69 is divided by v.
6
Suppose 4*l - 1942 = -56*n + 51*n, 0 = 2*n + l - 775. Calculate the remainder when n is divided by 43.
42
Suppose 0 = -2*a - 2*j + 4*j + 78, 0 = -4*a - 3*j + 177. Calculate the remainder when a is divided by ((-3)/6)/((-4)/72).
6
Suppose -3*h = -2*o, 5*h - 2 = 2*o + 2. Suppose -h*f + 80 = 2*f. What is the remainder when 57 is divided by f?
17
Suppose -3*u + 2*o = -730, -3*u + 746 = 3*o - o. Suppose -c + 4*c + u = 5*k, k - 2*c = 52. What is the remainder when k is divided by 10?
8
Let l(b) = 12*b**3 - 2*b - 3. Let n be l(-2). Let g = n - -183. Calculate the remainder when g is divided by 18.
16
Suppose -m + 3 = -9. Suppose 0 + m = -4*n. Calculate the remainder when 44 is divided by (6/8)/(n/(-36)).
8
Suppose -60 = -2*t - 12*k + 9*k, 0 = 2*t - k - 76. What is the remainder when 463 is divided by t?
31
Let p(h) = -h**3 + 5*h**2 + 4*h - 4. Suppose 47 = 2*r + 3*k - 49, -2*r + 76 = -2*k. What is the remainder when r is divided by p(5)?
10
Suppose 12*x - 936 = -24*x. Calculate the remainder when 29 is divided by x.
3
Suppose 0 = 3*v + 72 + 21. Let k = 86 + -131. Let f = v - k. What is the remainder when f is divided by 8?
6
Suppose s + 5 = -2*r, 2*r + 3*s = 3*r - 15. Suppose 5*f - 18 - 2 = r. Suppose -5*n + 3*n = -a + 12, -4*n + f = 0. What is the remainder when a is divided by 8?
6
Let l = 35 + -9. Suppose r - o - 114 = 3*o, 0 = 4*r - o - 411. What is the remainder when r is divided by l?
24
Let w = -128 - -183. Suppose -3*h - h + 580 = 0. Suppose -22*k = -h - 163. What is the remainder when w is divided by k?
13
Calculate the remainder when 318 is divided by -3*(6 + (-60)/9) + 62.
62
Suppose 0 = -5*u + 363 - 1168. What is the remainder when 93 is divided by (-23)/(u/(-6))*(-112)/2?
45
Let o = -348 - -357. Calculate the remainder when 104 is divided by o.
5
Let f be (-3 - -118)/1 - -3. Suppose 4*i - 4*n = 228, -i - i = -n - f. Calculate the remainder when i is divided by 9.
7
Let k(a) = a**3 + 6*a**2 + 4*a + 3. Let p be 3/12 + 21/12. Suppose p*s + 18 = -2*q, -40 = 2*q + 2*q + 5*s. What is the remainder when 23 is divided by k(q)?
7
Suppose 2*g - 7*g + 331 = 2*h, 4*g - 5*h - 245 = 0. What is the remainder when g is divided by 38?
27
Let j = -22 - -32. Suppose 5*b - 128 = -38. What is the remainder when b is divided by j?
8
Let i = 0 + 3. Suppose -i*k = 2*n - 6, k + 2 = -2*n - 0. Let s = 6 + k. Calculate the remainder when 19 is divided by s.
9
Let k(x) = x**2 - x - 23. Suppose 5*n + 2*i - 30 = 0, n - 3*n = -3*i - 12. Calculate the remainder when k(n) is divided by 7.
0
What is the remainder when (128/96)/(20/13425) is divided by 69?
67
Let j(y) = y**3 + 5*y**2 + y + 7. Let c be j(-5). Suppose -2*l + 60 = c*l. Let b = -18 + 27. Calculate the remainder when l is divided by b.
6
Let v(f) = 25*f - 5. Let b be v(2). Let m = b + -4. Calculate the remainder when m is divided by 21.
20
Let m = 3 - 25. What is the remainder when 24 is divided by 11/(m/(-20)) - 1?
6
Suppose 0*n - 5*n = -20. Suppose -s - 9 = 5*d - 2*s, -2*s = n*d + 10. Calculate the remainder when d - -41*1/1 is divided by 21.
18
Suppose 4*i = 8 + 12. Suppose 2*s = 6*s + 16, i*m = -5*s + 95. What is the remainder when m is divided by 118/10 - 1/(-5)?
11
Suppose 6*h - 2*h = 80. Suppose 33 = -5*a + 8*a. What is the remainder when h is divided by a?
9
Suppose 0*z - 2*z + 10 = 0. Suppose -4*a = z*b - 128, -a + 88 = 3*a - 5*b. What is the remainder when (-421)/(-9) + 6/a is divided by 10?
7
Suppose 8 = 5*c + 3. Suppose -6 = -0*y - 3*y. What is the remainder when y is divided by c?
0
Suppose -3*w + 3*p = w - 47, 3 = p. Let o(c) = 4*c**2 + 6*c + 1. Let i be -1 + 4 + -3 + -4. What is the remainder when o(i) is divided by w?
13
Let c(i) be the third derivative of -i**5/60 + 17*i**4/24 - 4*i**3/3 + 12*i**2. Calculate the remainder when 101 is divided by c(12).
49
Let q be (-10)/(-2 + 32/12). Calculate the remainder when (1 - 4)/(q/55) is divided by 6.
5
Suppose -1 = -10*p + 9*p, 5*s - 2*p - 1088 = 0. What is the remainder when s is divided by 43?
3
Let v = -12 + 32. What is the remainder when v is divided by (32/6)/((-36)/(-54))?
4
What is the remainder when 41 is divided by 14/1 - (-20 - -23)?
8
Suppose 5*t - 1 = 14. Suppose f - 9 = -t. What is the remainder when 8 is divided by f?
2
Let v = 240 + -146. Calculate the remainder when v is divided by 14.
10
Suppose 166 = 4*l + 30. Suppose 2*n - 218 = 4*m, -5*n + 0*n + 485 = 5*m. What is the remainder when n is divided by l?